ivided by (9 - a) + 12/12.
4
Suppose -19*w = -948 - 49 - 29. What is the remainder when 1684 is divided by w?
10
Let v(w) = -11*w + 4 + 9 - 2*w - 9*w. Let n be v(3). Let a = 64 + n. Calculate the remainder when 43 is divided by a.
10
Suppose -14505 = -959*h - 1079. Let s = -204 + 315. What is the remainder when s is divided by h?
13
Suppose 206*z = 213*z + 28. What is the remainder when 789/1 - 1*z/2 is divided by 61?
59
Suppose -3*l + 11 = 2. Suppose -j + 127 = 4*g, 79 = l*g + 6*j - 2*j. What is the remainder when 3/(2 + 772/(-392)) is divided by g?
32
Let b = 199 - 193. What is the remainder when 662/8 + ((-3)/4 - -1) is divided by b?
5
Let p = 8495 + -8228. Calculate the remainder when 813 is divided by p.
12
Let m = 84 + -17. Let y = m + -38. Suppose 5*z - 7*j - 47 = -3*j, -j = -5*z + 53. What is the remainder when y is divided by z?
7
Suppose 11 = -d + 58. Let c = -269 - -259. What is the remainder when c/(-55) + (-12198)/(-66) is divided by d?
44
Let f(u) = -43*u + 3451. Calculate the remainder when 301 is divided by f(78).
10
Let n(p) = -p**3 + 14*p**2 + 5*p - 1. Calculate the remainder when n(9) is divided by ((-90)/12)/(6/(-60)).
74
Let i = -75 - 26. Let n = 215 + i. Calculate the remainder when n is divided by 4/(-2)*184/(-16).
22
Calculate the remainder when 25 is divided by 69/552 + 119/8.
10
Calculate the remainder when 10 is divided by 6*((-2)/14 + 595/735).
2
Let o(p) = 24*p + 26534 - 26731 + 6*p. Calculate the remainder when o(9) is divided by 15.
13
Let v(i) = 3*i**2 + 64*i + 128. Let y be v(-2). Suppose 4*c - 16 = -0*c. Suppose 2*a - c = y. What is the remainder when a is divided by 2?
0
What is the remainder when (-1 - -203)/(51/((-612)/(-24))) is divided by 33?
2
Let o(w) = 2*w**3 - 14*w**2 + 8*w + 64. What is the remainder when o(7) is divided by 39?
3
Suppose 18*f = -18*f + 148227 + 65541. Calculate the remainder when f is divided by 2966.
6
Let l(q) = -596*q + 19064. Calculate the remainder when l(31) is divided by 285.
18
What is the remainder when 1697 - ((-3)/12)/((75/20)/15) is divided by 22?
4
Suppose -p + 193 = 10*j - 8*j, 0 = -5*j - p + 475. Suppose -2*x + 36 = -j. Calculate the remainder when x is divided by 8.
1
Suppose 24*b - 467 - 1283 - 1730 = 0. What is the remainder when 873 is divided by b?
3
Let u(j) = -j**3 + 8*j**2 - 77*j + 540. What is the remainder when u(6) is divided by (-55)/(-4) - (-3)/12?
10
Let x = 1399 + -1337. Calculate the remainder when 583 is divided by x.
25
Suppose -b + 6*b - 10 = 0. Suppose 3*v - z = 5, b*z - 6 + 4 = 0. What is the remainder when 36 is divided by 3/v*(-26)/(-3)?
10
Suppose 2*k + 4*c = 710, -30*c = -4*k - 28*c + 1460. What is the remainder when k is divided by 70?
13
Let d(h) = h + 0*h - 7 + 13 + h**2 - 7. Calculate the remainder when 3/((-206)/(-832) - (-2)/(-13)) is divided by d(4).
13
Let i = -9357 + 10309. Calculate the remainder when i is divided by 27.
7
Let z = 14408 - 14077. Calculate the remainder when z is divided by 3.
1
Suppose 4*z + 65 = -h, -2*z = -46*h + 44*h + 40. Let c(n) = n**2 + 14*n - 41. Suppose 3*f - 34 = 2*f. Calculate the remainder when f is divided by c(z).
4
Let c = 2353 + -2300. What is the remainder when 5560 is divided by c?
48
Let f be (-249)/7 + 6/(-14). Calculate the remainder when (f + 37)/(1 + 56/(-58)) is divided by (20/24)/((-1)/(-6)).
4
Let x(c) = 17*c**2 + 10*c - 6. Calculate the remainder when x(-10) is divided by 76.
74
Let p = 2209 - 564. What is the remainder when p is divided by 8?
5
Let d(h) = -h**2 + 70*h + 1021. What is the remainder when 1257 is divided by d(82)?
36
Let h = 568 - -1524. What is the remainder when h is divided by 91?
90
What is the remainder when -8*(-746 + 17) - 13 is divided by 6?
5
Let m(r) = -475*r - 1953. What is the remainder when m(-5) is divided by 106?
104
Let f(w) = w**3 - 7*w**2 - 3*w - 36. Let m be f(8). Suppose 0*d - 8 = -2*d, -3*d - 32 = -m*l. What is the remainder when l is divided by 3?
2
Calculate the remainder when 6477 is divided by (-5)/(-2) + (-1980)/(-72).
27
Suppose 5*c - 2755 = -2*a, -140*a - 6876 = -145*a - c. What is the remainder when a is divided by 23?
18
What is the remainder when -4 + 110/(-10) + 175 is divided by 57?
46
Let q be ((-464)/(-12) - 1)*3. Suppose -c = -2*m - 0*c + 78, 3*c = 3*m - 117. What is the remainder when (-4)/((-12)/q)*(-4 + 7) is divided by m?
35
Suppose 1088 - 3922 = -26*h. Calculate the remainder when 998 is divided by h.
17
Suppose -5*r + 4*y = -439, 0*r - 4*y + 344 = 4*r. Let d = r - -36. What is the remainder when d is divided by 42?
39
Let b = -1127 + 1256. What is the remainder when b is divided by 75?
54
Let r be (-35)/(-1) - 5*(-15)/(-25). Let c = -77 + 109. What is the remainder when c is divided by r/3 - 3/(-9)?
10
Let j = -301 + 297. Calculate the remainder when 1/(-4) - (219/j)/3 is divided by 10.
8
Suppose 8*q + 2*v + 47 - 257 = 0, 5*q + 2*v - 126 = 0. Let k be 4/(-8) + 3/2. What is the remainder when 2/1 + 107*k is divided by q?
25
Let t(f) = f**3 + 7*f**2 + 3*f - 2. What is the remainder when ((-30)/(-25))/2*(-18060)/(-63) is divided by t(-6)?
12
Suppose -33 = 2*m - 185. Suppose 3*c - 676 = -5*t, -5*t + 1211 - 2124 = -4*c. What is the remainder when c is divided by m?
75
Let t(d) = 3*d + 18. Let x be t(-6). Suppose 4*h + 4*y = -0*y + 692, -4*y = x. What is the remainder when h is divided by 60?
53
Suppose a - 21 = -3*q, -5*q - 17 + 52 = -2*a. Calculate the remainder when 14 is divided by q.
0
Let t(o) = 12*o**2 + o. Let a be t(-1). Suppose a*c - 54 + 32 = 0. What is the remainder when 16 is divided by c?
0
Let i be 3/(-1) + 170 + -4. Let h = i - 314. Let x = 276 + h. Calculate the remainder when x is divided by 42.
41
Let u = 26340 + -26122. What is the remainder when u is divided by 87?
44
Let h be ((-2)/6 + 111/36)*4. Let x(k) = -h - 6 + 21*k - 26*k. What is the remainder when 24 is divided by x(-6)?
11
Let f(k) = k**3 - 11*k**2 + k - 301. Calculate the remainder when f(14) is divided by 229.
72
Calculate the remainder when 509 is divided by -1 - (-1 + -15 + -1 - (-181 + 181)).
13
Let d = 46 - 83. Let s = -34 - d. Suppose s*i - 608 = -230. Calculate the remainder when i is divided by 32.
30
Suppose -2*h - h + 201 = 0. Suppose 0 = -x - 3, 4*o + 5*x = -22 + 143. Calculate the remainder when h is divided by o.
33
Suppose -13*f + 5*k = -12*f - 54, -4*k = 20. Calculate the remainder when f is divided by 129/12 - 1*2/(-8).
7
Suppose 8 = b + 5*p - 0*p, -3*b + 35 = 4*p. Let c(w) = -w**3 + 11*w**2 + 31*w. Calculate the remainder when c(b) is divided by 31.
3
Let o(y) = -y**2 - 11*y - 4. Let b = 21 - 17. Suppose -32 = -0*a + 4*a - 2*v, -b*a = -3*v + 28. What is the remainder when 15 is divided by o(a)?
3
Let m be (5/((-70)/(-72)))/(4/294). Suppose -20*f - 38 = -m. Let n = 22 - 15. What is the remainder when f is divided by n?
3
Let p be (-104389)/(-556) + (-2)/(8/(-1)). Suppose 6*l - 2*l + 4*a = p, 135 = 3*l + a. What is the remainder when 160 is divided by l?
28
Suppose -6 - 48 = -6*u. Suppose u = 26*y - 23*y. Suppose 0*a = -2*w - a + 85, 0 = -w + y*a + 46. Calculate the remainder when w is divided by 22.
21
Suppose -2550 = 136*j - 17510. Calculate the remainder when j is divided by 77.
33
Let a(x) = -4*x - 5. Let w(c) = -c - 1. Let s(m) = a(m) - w(m). Let j be s(-3). Suppose 55 = -j*g + 140. What is the remainder when 114 is divided by g?
12
Let a = -81 - -252. Suppose -17*m = -14*m - a. Suppose 4*w = 59 + m. Calculate the remainder when w is divided by 16.
13
Let d(f) = -336*f - 1627. Calculate the remainder when 104 is divided by d(-5).
51
Suppose -5*f + 11 = 4*r - 9, -2*f + 10 = 2*r. Suppose r*t - 13 - 2 = 0. Suppose 0 = 13*u - 9 - 30. Calculate the remainder when u is divided by t.
0
Let g(s) = -s**2 + 64*s - 785. Suppose 2*q = 3*t + 54, 2*t - 40 = -2*q - 6. What is the remainder when q is divided by g(17)?
7
Suppose -3*x - 2*g = -135, -9*x + 13*x - 173 = -5*g. Let c(u) = 39*u**2 + 27*u + 91. Calculate the remainder when c(-4) is divided by x.
43
Let f = -15050 - -15256. What is the remainder when 999 is divided by f?
175
Let r(o) = o**2 - 12*o + 11. Let w be r(11). Suppose -292 = -2*g - w*g - 2*y, -8 = 4*y. Calculate the remainder when g is divided by 332/11 + (3 - (-35)/(-11)).
28
Let l(t) = 3*t + 19. Let s be l(-5). Let f = s + -49. Let 